. Let h = -5 - -26. Calculate the greatest common divisor of h and n.
7
Let r(i) be the third derivative of i**4/24 + 8*i**3/3 - 2*i**2. Let u be r(-13). Suppose u*a - 238 = a. Calculate the highest common divisor of 17 and a.
17
Suppose 0 = -w + 2 - 0. Suppose -21*k + 24 = -17*k. Calculate the greatest common divisor of w and k.
2
Let p be 0/2 + (-2 - -6). Suppose -3*i + p + 26 = 0. Let b(d) = d**3 + 18*d**2 - 4*d + 18. Let z be b(-18). What is the greatest common divisor of z and i?
10
Suppose 0 = -6*u + 250 + 32. Suppose -2*p = -3*x - 85, -2*p + 0*x - 3*x = -103. What is the greatest common factor of p and u?
47
Let h be -1 - (-3)/(-6 + 3). Let u be (-11)/(-4) + h/(-8). Let r = 10 - 7. What is the greatest common divisor of u and r?
3
Let j(k) = -k**3 + 9*k**2 - 7*k - 5. Let a be j(6). Let c = a + -33. Calculate the greatest common divisor of c and 42.
14
Suppose -5*v + 20 = 5*f, -f - 8 + 15 = 2*v. Suppose -r + 45 = 2*r. Calculate the greatest common divisor of r and v.
3
Let c(a) = -a**2 + 2*a + 284. Let j be c(0). Let q be 6/(-21) - j/(-14). What is the highest common divisor of 30 and q?
10
Let u(c) = -c**2 + 12*c - 28. Let g be u(8). Let k be 88/12 + g - 2/6. Calculate the greatest common factor of k and 55.
11
Let v(x) = x**2 - 10*x + 22. Let z be v(7). Let r(f) = -3 - f + 4 + 24*f**2 + 0. Let o be r(z). Calculate the highest common divisor of 60 and o.
12
Let d be 9/(-6)*8/6. Let s be ((-3)/7)/(d/14). Suppose -7*m + m + 198 = 0. What is the greatest common factor of m and s?
3
Let j = -200 + 215. Calculate the highest common factor of j and 135.
15
Let f be 1/5 - 141/5. Let g be f/(-8) + (-2)/(-4). Let n = 57 + -13. What is the highest common factor of g and n?
4
Let j(u) = -u**2 - 13*u - 2. Let s be j(-12). Suppose 5 = -g + s. What is the greatest common divisor of g and 40?
5
Let o(n) = n**2 + 10*n - 112. Let j be o(10). What is the highest common factor of j and 110?
22
Suppose -2*i + 182 = 5*o - 948, -o - 4*i = -208. Let s = 58 + -1. What is the highest common divisor of o and s?
57
Let y = -65 - -44. Let h be ((-252)/(-2))/(y/(-14)). Calculate the greatest common divisor of 12 and h.
12
Suppose 28 = -19*w + 26*w. Suppose -2*y - 5 = 3*d - 48, -w*y + 42 = 2*d. Suppose -n + 35 + 20 = 0. What is the greatest common factor of d and n?
11
Suppose -5*u + 464 = -56. Let z = 70 - 35. Let m be 63/5 - (-14)/z. Calculate the greatest common divisor of m and u.
13
Suppose 849 = -3*i - t + 2698, 2*t = 3*i - 1837. What is the greatest common divisor of 82 and i?
41
Let u = -91 + 138. Let t = u + -46. Let v(s) = -s. Let h be v(-4). What is the greatest common factor of h and t?
1
Suppose 0 = -3*v + 2*v + 6. Suppose 0 = -16*g + 242 - 178. What is the greatest common divisor of v and g?
2
Let c(x) = x**3 + 39*x**2 - 39*x + 45. Let n be c(-40). Calculate the greatest common divisor of n and 135.
5
Suppose -3*v - 17 = -4*h + 54, 2*h - 5*v - 39 = 0. What is the highest common divisor of 391 and h?
17
Let t(w) = -w**3 - 2*w**2 + 3*w - 18. Let k be t(-6). Suppose 222 + k = 11*i. What is the highest common divisor of i and 45?
15
Let l(c) = 2*c**3 - 5*c**2 + 3*c - 1. Let r be l(2). Let u = -6 - -8. Calculate the highest common factor of u and r.
1
Suppose -14 - 36 = -5*b. Suppose 0 = -s + 6 + b. Suppose 0*p + p = -4*c + 5, 0 = -3*c - 4*p - 6. Calculate the highest common divisor of s and c.
2
Let m = -815 + 825. Calculate the greatest common divisor of 40 and m.
10
Suppose 2*b + 4*a - 8 = 0, a = -5*b - 3*a + 26. Suppose b*s - 384 = -0*s. Calculate the greatest common factor of s and 16.
16
Let h = -13 - -25. Let x be (-2)/7 + 10/35. Suppose 9 = 3*j - x*j. Calculate the highest common factor of j and h.
3
Let j be (0 - -2)/((1/9)/1). Calculate the highest common factor of j and 15.
3
Suppose 2*p - 7 = 11. Let x be (-12)/(-10)*15*(-49)/(-14). What is the highest common factor of x and p?
9
Let q(t) = 4*t**2 + 2*t + 1. Let h be q(4). Suppose -s + h = -22. Suppose 133 = 8*o - o. Calculate the greatest common factor of s and o.
19
Let l = 25 + -17. Suppose 2*f + 3*f = -2*x + 23, 4*x - 5*f - 1 = 0. Suppose -l = x*v - 64. What is the greatest common divisor of 7 and v?
7
Let d be (3/4)/(4/48). Let x be 9/d - (7*-18 - -1). Let v be 12 + (1 - 0) + 1. What is the highest common divisor of v and x?
14
Let k be 19 + (-1 + 2)/(4/(-4)). Suppose 0*a = -a - 8. Let s = a + k. Calculate the highest common divisor of 5 and s.
5
Suppose -n + 1 = -9. Let c(p) = 10*p**2 - 6*p - 8. Let l(t) = -t + 1. Let b(o) = c(o) - 5*l(o). Let r be b(-3). What is the highest common divisor of r and n?
10
Let t = -2426 + 2642. What is the highest common divisor of t and 504?
72
Let l be (-40)/(1 - (-18)/(-14)). Suppose -3*r - 210 = 5*v + 2*r, r = -3*v - 120. Let o = 67 + v. Calculate the highest common divisor of l and o.
28
Let i = 24 - 14. Let n be (-36)/90 - (-424)/i. Suppose 0 = u - 0*u - 14. Calculate the greatest common factor of n and u.
14
Let o = 198 + -153. Calculate the highest common divisor of o and 120.
15
Suppose 88 = 3*m + 2*n, -4*m + 70 = 4*n - 50. Calculate the highest common factor of 70 and m.
14
Let v = -2397 - -2405. What is the highest common factor of 400 and v?
8
Let v(o) = 10*o**2 - 6*o - 2*o**3 - 3*o**2 + 3 + 3*o**3 + 5*o. Let x be v(-7). Calculate the greatest common factor of x and 70.
10
Suppose 6*n - 3 = -21. Let r be 20/n*(-57)/38. What is the greatest common divisor of 4 and r?
2
Suppose -3*z + 16*j - 12*j = -21, 0 = 3*z - 2*j - 21. Let o be (3/(-9))/((-1)/45). Let m = z + o. What is the greatest common divisor of m and 44?
22
Let d = 15 - 9. Suppose -4 = -5*a + 6. Suppose -d = -a*k + k. Calculate the greatest common divisor of k and 6.
6
Suppose w - 6*w + 20 = 0. Let a be ((-22)/(-2))/(-1) - -1. Let f be w - 6 - 0 - a. Calculate the greatest common factor of 20 and f.
4
Suppose 3*l - 22 = 5*t - 6, -5*t = -4*l + 18. Suppose 5*b - 9 = 2*b, -l*o + 4*b = -76. Calculate the greatest common factor of o and 11.
11
Let j(v) = v**2 + v - 4. Let o be j(5). Let h(k) = k**2 - 4*k - 7. Let a be h(6). Suppose 0 = -a*s + o + 14. Calculate the greatest common factor of s and 48.
8
Let q be ((-1)/2)/((-2)/16). Let z = 96 + -90. Suppose -5*a = k - z*k - 60, 0 = 5*a - k - 76. What is the greatest common divisor of q and a?
4
Let w = 1457 + -1406. What is the highest common factor of w and 255?
51
Let r be 3 + 3*(-1)/(-6)*4. Suppose -4 = -2*d, -r*o + 30 = 3*d + 2*d. What is the greatest common divisor of 2 and o?
2
Let a be 16 - 61 - -1*1. Let s = -39 - a. Suppose s*p - 55 = 25. Calculate the highest common factor of 40 and p.
8
Let y(d) = d**3 + 10*d**2 - 2*d - 11. Let m = 28 - 38. Let n be y(m). What is the greatest common divisor of 9 and n?
9
Let k(j) = -3*j**2 + 2 + 17*j + 0 - 3 - 7*j**2 + j**3. Let y be k(8). What is the greatest common factor of 7 and y?
7
Suppose -2*v + 108 = -136. Suppose o - v = 5*k, -3*k = -3*o + 7*o - 396. What is the greatest common factor of o and 68?
34
Suppose -i - 196 = -3*i. Let u = -64 + i. Suppose 0*x + x = u. What is the greatest common factor of 51 and x?
17
Let p = -126 - -139. What is the highest common factor of p and 65?
13
Suppose 6*o - 386 = -56. Calculate the greatest common factor of 25 and o.
5
Suppose -21*y = -24*y + 12. Suppose -5*h + 4*l = -104, y*h - 5*l + 44 = 5*h. What is the greatest common divisor of h and 192?
24
Suppose 4*v - h - 39 = 0, 2*h = -3 + 5. Suppose -2*c - 16 = -4*f + 272, -4*f = -c - 284. Calculate the highest common divisor of f and v.
10
Let i = -5 + 9. Let l(c) = 11*c + 8. Let y be l(i). Suppose 3*k = 9, -2*z - 2*k = -3*k - 23. What is the highest common divisor of y and z?
13
Suppose -4*l + 2*f + 1696 = 0, -l - 8*f = -12*f - 417. What is the greatest common divisor of 50 and l?
25
Let b = 809 - 831. Let j(a) = 12*a**2 + 2*a - 1. Let x be j(-2). Let u = b + x. Calculate the highest common divisor of u and 3.
3
Suppose 0 = -3*f + 3, 2*h - 8 = -3*f + 3. Calculate the highest common divisor of h and 1.
1
Let r = 280 + -162. Suppose 3*y - 98 = u + u, 3*y + 2*u = r. Calculate the highest common divisor of 4 and y.
4
Let q(o) = 10*o + 1. Let n be q(-5). Let l be 11/55 + 146/(-5). Let c = l - n. Calculate the highest common divisor of c and 20.
20
Let p be (-22)/(-2) - 55/11. Suppose -6*t - p = -78. Calculat